irst derivative of -20 - 9*g**3 - 1/120*g**5 - 7/24*g**4 + 0*g**2 + 0*g. Let u(d) be the third derivative of b(d). Give u(-6).
-1
Let i(o) = 4*o**2 + 2*o. Let q(k) = 21*k + 3. Let n be q(-1). Let g be (0 + 0)/2 + n/(-9). Give i(g).
20
Let t(g) = -g**2 - 3*g - 3. Let z(p) = -p**2 - 13*p + 4. Let f(w) = -95 + 95 - w. Let x(j) = -6*f(j) + z(j). Let k be x(-8). Calculate t(k).
-7
Suppose -2*d + 5*x = 6, 9*x - 5*x - 60 = -3*d. Let p(q) = q + 9. Give p(d).
21
Let d(p) = 271*p + 360*p - 20*p**2 + 1 - 630*p. Give d(2).
-77
Let t(l) = -l + 7. Let k = 10652 - 10640. Calculate t(k).
-5
Let o(g) = -31*g + 142. Let p(t) = 39*t - 142. Let c(l) = -4*o(l) - 3*p(l). Determine c(22).
12
Let y(s) = -2 + s + s**2 + s + s**2. Let l(g) = -3*g**2 - 3*g + 3. Let z(o) = 3*l(o) + 4*y(o). Let k = -3873 - -3871. Calculate z(k).
-1
Let h(z) = -206619 + 0*z**3 - 6*z**3 - 5*z + 206630 - 4*z**2. Suppose 5*b = -33 + 8. Let t(x) = -x**3 - x**2 - x. Let r(m) = b*t(m) + h(m). What is r(0)?
11
Let j(u) be the second derivative of 5*u**3/6 + 3*u**2/2 + 1537*u. Calculate j(2).
13
Let k(r) be the first derivative of r**3/3 - 7*r**2/2 + 6*r - 621. Give k(5).
-4
Let s(g) = g**2 + 3*g - 9. Suppose -701*l + 700*l = 4. What is s(l)?
-5
Let k = 62 - 55. Suppose 11*y = 7*y + 32. Let n(f) = y*f + 0*f - k*f. Calculate n(-3).
-3
Let u(x) be the first derivative of -x**4/4 + 8*x**3/3 - 6*x**2 - 8*x + 2470. Calculate u(6).
-8
Let b(i) = 3*i**3 + 6*i**2 - 6*i**3 - 1 + 4*i**3 + 7. Suppose 2*z + 4*p + 24 = 0, 25*p = -5*z + 29*p - 18. Give b(z).
6
Let d(m) = -m**3 - 4*m**2. Let z(n) = 4*n**3 + 16*n**2 - n - 2. Let t(a) = -9*d(a) - 2*z(a). Let j(o) = -o**2 - 38*o - 75. Let g be j(-2). Determine t(g).
7
Let p(q) = -787*q - 719*q + 1500*q + 126. Determine p(22).
-6
Let z(l) = -9105*l - 9106*l + 36424*l + 93 - 9107*l - 9097*l. Determine z(-8).
21
Let k(v) = -3*v**2 + 5*v + 3. Let l = 310 - 308. Let g(u) = -4*u**2 + 4*u + 2. Let w(j) = l*g(j) - 3*k(j). Calculate w(7).
-5
Let p(z) be the second derivative of 2/3*z**3 + 16*z - 1/2*z**2 - 3. Determine p(-2).
-9
Let v(u) = 46*u**2 + 2*u + 1. Suppose 20*y = -4*y - 24. Determine v(y).
45
Let z be -1*0/(-4)*(-5)/(-15). Suppose 5*o + 105 - 75 = z. Let p(x) = -x**2 - 6*x - 2. Determine p(o).
-2
Let v(q) = -q**2 + 6*q + 103. Let n be v(14). Let o(x) = -56*x - 501. Determine o(n).
3
Let r(k) = k**3 - k**2 + k - 8. Suppose 26 - 1 = -j - 5*d, -3*j + 3*d = 3. Let w be 25 + -30 - j/1. Give r(w).
-8
Let p(x) = -x**2 + 19*x - 48. Let t be ((-455)/(-175))/((-5)/(-100)*4). Give p(t).
30
Let q(o) be the first derivative of 3*o**2 - 73*o - 8294. Give q(13).
5
Let a(s) = s**3 + 12*s**2 + 13*s. Let x be (4*(-9)/(-48))/(3/132). Suppose 3*o + x = -n + 3*n, 2*n = 0. What is a(o)?
-22
Let s(i) = 35*i + 2. Let m be (48/(-32))/(13/2 + -5). Calculate s(m).
-33
Let g(c) = 2*c + 4. Let n(u) = 13*u + 26. Let v(q) = 6*g(q) - n(q). Suppose 5*y + 10 = r, 0 = 3*r + 3*y + 6. Determine v(r).
-2
Let u = -90 - -97. Let s(h) = 14*h + 48. Let b(j) = -5*j - 16. Let z(q) = 17*b(q) + 6*s(q). Give z(u).
9
Let b = 3917 - 3907. Let k(d) be the third derivative of -d**4/24 - d**3/6 + 8*d**2. What is k(b)?
-11
Let i(x) = 3*x**2 + 25*x + 229. Let y(c) = -19*c**2 - 149*c - 1356. Let d(v) = -25*i(v) - 4*y(v). Calculate d(37).
-5
Let x be (-2)/5 + (-374)/(-110). Let w(t) = 2*t - t - x*t + t**3 - 69 + 70 + 7*t**2 + 5*t. Let z = 13 + -19. Calculate w(z).
19
Let x(v) be the third derivative of v**6/120 - 11*v**5/60 + 3*v**4/8 + v**3 - 4*v**2 + 6*v. Calculate x(10).
-4
Let l(p) be the first derivative of p**4/12 - p**3/6 - 19*p**2/2 - 24*p + 24. Let a(b) be the first derivative of l(b). Determine a(0).
-19
Let u(m) = -2*m**3 + 9*m**2 - 3*m + 2. Let i(o) = 5*o**3 - 26*o**2 + 9*o - 5. Let h(p) = 3*i(p) + 8*u(p). Calculate h(-6).
-17
Suppose 0 = -12*k + 14*k - 10. Let n(s) = 55*s**2 + 7*s + 8. Let l(g) = -27*g**2 - 4*g - 5. Let f(u) = k*l(u) + 3*n(u). What is f(1)?
30
Let n(d) = 3*d + 7. Let j(c) = c - 4. Let t(s) = 2*j(s) - n(s). Give t(-6).
-9
Let z(r) = 5*r**2 - 586 + 597 + 2*r**2 + r**3 - 2*r**3. Determine z(7).
11
Let a(v) = -99*v - 91. Let p(c) = -248*c - 243. Let w(l) = -13*a(l) + 5*p(l). Give w(1).
15
Suppose 0 = -1828*v + 1827*v + 3. Let h(q) be the second derivative of -3*q + 0 - 1/6*q**v - 13/2*q**2. Determine h(0).
-13
Let q(b) = -34*b + 278. Let u be q(8). Let w(x) = -x**3 + 4*x**2 + 14*x + 4. What is w(u)?
16
Suppose d + 4*x + 9 = 0, -3*d + 0*x = 4*x + 11. Let m(i) = 40*i**2 - 18*i - 918. Let w(s) = -38*s**2 + 17*s + 867. Let y(u) = -17*m(u) - 18*w(u). What is y(d)?
4
Let g(p) be the first derivative of p**4/4 + 14*p**3/3 - 15*p**2/2 + 4*p - 48. Determine g(-15).
4
Let m(c) = 13*c. Let u(o) = 27*o + 1. Let i(z) = -5*m(z) + 3*u(z). Let t be (-5)/(-2) + 2/(12/(-27)). What is i(t)?
-29
Let v be (-1 + 1 + 80/48)*24. Let u(m) = m**3 - 39*m**2 - 40*m - 3. What is u(v)?
-3
Suppose 4*f + 12 + 4 + 0 = 0. Let y(q) be the third derivative of 2*q**2 + 1/30*q**5 + 1/4*q**4 + 0*q + q**3 + 0. Give y(f).
14
Let p be (-5*(-28)/10)/(-4 + -6 + 12). Let t(v) = -v**3 + 9*v**2 - 13*v - 8. Determine t(p).
-1
Suppose 178 = 184*o - 926. Let b(a) = -10*a + 10. Give b(o).
-50
Let o(v) be the first derivative of v**4/4 + v**3 + v**2 + 2*v + 2. Let f(m) = 30*m - 40. Let t be f(4). Suppose -19*h + 23 = t. What is o(h)?
-4
Let g(r) = r**3 + 17*r**2 - 17*r + 6. Let t(w) = w**2 - w. Let b(y) = g(y) - 3*t(y). Determine b(-15).
-9
Let s = 17 - 22. Let d(o) = 6*o**2 + 4*o**2 - 8*o**3 - 3*o**3 + 12*o**3 + 4 - 5*o**2. What is d(s)?
4
Let x(f) = -25*f + 475. Let i be x(19). Let p(g) = g**3 + g**2 + g + 6. Determine p(i).
6
Suppose -3 = t - 6. Suppose -p = t, -3*h + p - 7 = -h. Let b(j) = 1. Let y(d) = -d**2 - 4*d. Let c(o) = h*b(o) + y(o). What is c(-4)?
-5
Let v(o) = -41*o - 8. Suppose 17*c + 4*c = -9*c - 30. Calculate v(c).
33
Let g(r) be the first derivative of -11*r**2 + r - 1376. Let j(b) = 2*b + 3. Let x be j(-2). Give g(x).
23
Let t(h) = -h**2 - 20*h - 17. Suppose 2*z - 2*s = -32, 15*s - 10*s = -z - 34. Give t(z).
2
Let q(m) = -11*m**2 - 21*m - 14. Suppose -224 = -25*r + 53*r. Let d = 6 + -3. Let u(p) = -4*p**2 - 7*p - 5. Let k(h) = d*q(h) + r*u(h). Calculate k(-4).
10
Let a(s) be the third derivative of -s**6/120 + s**5/60 + s**4/12 - s**3/3 + 141*s**2 - 12. Let f = 2 + -1. Let h = f + 2. Give a(h).
-14
Let o(d) = -d**3 + 5*d**2 + 5. Let j = 17 + -12. Let p be o(j). Let v(n) be the third derivative of -n**4/24 - n**3 - 2*n**2 - 8079. Determine v(p).
-11
Let a(x) = 2*x - 3. Suppose 0 = g - 3*g - 2*c + 2, -5*g - 4*c + 10 = 0. Suppose -d + 7 = g*d. Let t be -2*((-20)/(-8) - d). Give a(t).
-9
Let c be -2*(0 + 1)*-2. Let j(y) be the second derivative of -y**4/12 + 5*y**3/6 - y**2 - 48109*y. Calculate j(c).
2
Let i(h) = -32*h + 128. Let u(m) = 2*m**2 + 79*m - 344. Let g be u(4). Give i(g).
0
Let b(d) = -d**2 - 23*d + 5. Let g be b(-23). Let x(o) = -o**2 + 8*o - 10. Calculate x(g).
5
Let l(d) = -2*d**3 + 9*d**2 + 9*d. Let q = -19565 - -19572. Determine l(q).
-182
Let o(z) = 3248*z**2 - 12993*z**2 + 34*z + 3249*z**2 + 3253*z**2 + 3255*z**2. Give o(-3).
6
Let r(g) = -11*g + 125. Let k(o) = -35*o + 357. Let p(y) = -6*k(y) + 17*r(y). What is p(1)?
6
Let t be ((-18)/5)/((-4)/10). Let m be 2*1/2*t. Let d(l) = -l + 156 + 134 + 137 - 418. Give d(m).
0
Let k be (11 - (-236)/(-20))*(-3 - 2). Let o(x) = 180*x + x**2 - 180*x - 2 - 2*x**2. Give o(k).
-18
Let c(h) = h**3 - 2*h**2 - 3*h - 5. Let k be (-4)/(-6)*(3 + 87 + 0). Let q be (1 - -3)*k/8. Suppose 6 - q = -6*b. Give c(b).
15
Let g(n) be the first derivative of n**4/2 + 2*n**3/3 - 3*n**2/2 - 5*n - 389. Determine g(-3).
-32
Suppose 53*g = 51*g + 32. Suppose -4*b + 0*b = 2*f - 8, g = 4*f. Let w(j) = -j + 26. Determine w(b).
26
Let t(l) be the second derivative of -l**7/280 - l**6/180 + l**5/60 + l**4/24 - 15*l**3 - 8*l - 3. Let r(d) be the second derivative of t(d). Calculate r(-2).
13
Let v(l) = -193*l - 2899. Let r be v(-15). Let n(i) = i**3 + 3*i**2 - 7*i - 7. Give n(r).
5
Suppose -3*i - 132 = -2*k, -5*k - 3*i = 2*i - 380. Let b(a) = k*a**3 + 5*a**2 + 0*a**2 + 77*a**3 - 148*a**3 + 3*a + 2. What is b(-5)?
-13
Let a(y) = y**2 - 7*y + 4. Let j be ((-7)/(-28)*(-56)/35)/(4/(-10)). Calculate a(j).
-2
Suppose 4*n - 52 = -4*j, -j = 2*n - 2*j - 41. Let k(h) = -14*h + n*h - 4 - 6*h. Give k(0).
-4
Let